15
Let y(n) = 0 + 31*n**2 + 0 - 12*n**2 - 17*n**2. Suppose 0 = 3*o + 3. Let m be o - 0/(-1 + 2). Determine y(m).
2
Let p(s) be the second derivative of -s**4/12 + s**3/2 - s**2/2 + 9*s - 11. Let x be -3*(8/(-6) + 1). Give p(x).
1
Suppose 0 = 4*o - 4*i, 0 = -3*o - 3*i + i + 10. Suppose 4 = 10*p + 24. Let w(m) = -3. Let s(q) = 13*q - 9. Let t(u) = p*w(u) + s(u). Give t(o).
23
Let i(s) = -s**2 + 2*s - 3. Let c(y) = -88*y - 373. Let t be c(-12). Let k = t + -678. What is i(k)?
-18
Let b(a) = a**2 - 11*a + 20. Let p = -1 + 8. Let k be b(p). Let f be 2 - 6*4/k. Let w(z) = -z + 8. Give w(f).
3
Let y(h) be the first derivative of h**2/2 - 22*h + 472. Determine y(19).
-3
Let z(k) = 2*k**2 - 5*k - 4. Let g(l) = -l**2 + 14*l - 20. Let q be g(10). Suppose 5*b - q*o - 27 = -21*o, 0 = 5*b - o - 23. Determine z(b).
21
Let a(x) = -2*x - 15. Let b(v) = 3*v + 8. Let i(w) = a(w) + 3*b(w). Determine i(-2).
-5
Let n(z) = -z**2 - 116*z - 776. Let t be n(-7). Let s(f) = f**3 + 8*f**2 - 62*f + 39. Give s(t).
0
Let o(q) = q**2 - 16 + 9 + 8. Suppose 7 + 17 = -2*p. Let g be (p/(-9))/((-6)/(-9)). What is o(g)?
5
Let l(q) = -q - 13. Let v = -10 - 2. Let p be l(v). Let t(m) = 1 - 2 + 569*m - 568*m. Calculate t(p).
-2
Let o(v) be the first derivative of 4*v**2 + 36*v + 2071. Determine o(-6).
-12
Let a(q) = 51*q - 25. Let r(g) = -78*g + 25. Let f(k) = 3*a(k) + 2*r(k). What is f(-7)?
-4
Let m(t) = -2 + 5 + 6*t - 5 + 27 + 43. Give m(-6).
32
Suppose 23*c = -2*c + 23250. Let z(i) = -i**3 - 898*i + 1860*i - 14*i**2 + 5 - c*i. Give z(-16).
5
Let h = -3898 - -11696/3. Let n(j) be the first derivative of 9/2*j**2 + 18 - h*j**3 - j. Give n(6).
-19
Let b(n) be the second derivative of 3*n**3 - 6*n. Let p be b(1). Let w = p - 13. Let v(i) = -i**2 + 6*i + 5. Determine v(w).
10
Let d(t) = -6*t + 101. Let r be d(17). Let i = r + 7. Let m(y) = y**2 - 8*y + 8. Calculate m(i).
-4
Let a(n) = n**3 - 2*n**2 + 1. Let p be (-6 - -5)*(0 - 15). Let o(c) = -c**2 + 14*c. Let m be o(p). Let u = m + 16. Give a(u).
0
Let s(o) = -131*o + 22 - 123*o - o**2 + 389*o - 131*o. Give s(-4).
-10
Let a(d) = -d**2 + 28*d + 131. Suppose -54*g + 111 - 327 = 0. Give a(g).
3
Let h(y) = -2*y**3 + 59*y**2 - 29*y + 16. Let d be h(29). Suppose 69 = d*v - 11. Let b(l) = -l**3 + 6*l**2 - 4*l + 3. Determine b(v).
8
Let g(y) = -y**2 - 4*y + 7. Let w(n) = -9*n - 121. Let u be w(-15). Let i be u/(-210) - (-74)/(-15). What is g(i)?
2
Suppose -2*b = -3*q + 62, -4*q + 45 - 9 = -b. Let j = b + 32. Let w(h) = j*h**3 - 21*h**2 + 26*h**2 + 4*h + 5 - 5*h**3. What is w(6)?
-7
Let m be 29/3 - 20/(-15). Let x(f) = 146*f + m*f**2 - 309*f - f**3 + 146*f - 8. Calculate x(9).
1
Let m(u) = 2*u - 32. Let y be m(19). Let p = 2 - -3. Let d(j) = -15*j + 40*j - j**2 - 17*j + p. Calculate d(y).
17
Let l be -3*-2*10/15. Let q(w) be the third derivative of -w**7/1260 + w**6/180 - w**5/30 - 9*w**2. Let j(f) be the third derivative of q(f). Give j(l).
-12
Let l be (-6 - -5)/(516/(-260) - -2). Let d = l - -75. Let k(p) = p**2 - 9*p - 7. Calculate k(d).
3
Let l(s) be the second derivative of s**7/2520 + s**6/48 - s**5/12 + 5*s**4/2 + s**3/3 + 4*s - 6. Let n(b) be the third derivative of l(b). Determine n(-16).
6
Let w(j) = 10*j + 9. Suppose 20 = -14*l + 16*l + 3*n, -n = -l. Determine w(l).
49
Let y(b) be the first derivative of 35 - 1/180*b**6 + 0*b**4 + 0*b + 0*b**2 - 1/40*b**5 + 4/3*b**3. Let c(a) be the third derivative of y(a). What is c(-2)?
-2
Suppose 4*l - 4 - 12 = 0. Let o(n) = -139*n - 3*n**2 + 290*n - 146*n - 4*n**2 - 2 + 6*n**2. Give o(l).
2
Let b be 3*(68/12 - 1). Let u(r) = -1 + 4836*r**2 - 4821*r**2 - 14*r - 3 - r**3 + 6. Calculate u(b).
2
Suppose i = -4*g + 13, -5*g + 32 = -0*g - 4*i. Let u(n) = 3*n**2 - 2*n - 5. Determine u(g).
35
Let a = -57 + 60. Let w(u) = 89*u**2 + 3 - 2*u**a + 8*u + 3*u**3 - 82*u**2. Calculate w(-5).
13
Let c(v) = -v**2 - 3*v + 8. Let q(x) = 61*x. Let a be q(-1). Let l = 91 + a. Suppose f + 4*f = -l. Determine c(f).
-10
Let z(c) be the first derivative of -c**2/2 + 4*c + 4. Suppose 0 = 3*m + 6*g - 10*g - 20, m - 4*g - 20 = 0. What is z(m)?
4
Let f(d) = -13*d - 9. Let j(m) = -3*m - 2. Let h(r) = f(r) - 3*j(r). Let z(b) = 2*b + 10. Let q be z(-6). What is h(q)?
5
Let t(w) = w**2 + w - 44. Let u be t(-8). Suppose u*a + 79 = -17. Let i(m) = -m**3 - 9*m**2 - 9*m - 1. What is i(a)?
7
Suppose -4*d + 31 = -3*x, -x - 2*d - 7 = 2*x. Let y(c) be the first derivative of 3*c**2/2 + 3*c + 62. What is y(x)?
-12
Let k(u) = 43*u + 291. Let x(a) = 126*a + 876. Let i(n) = -11*k(n) + 4*x(n). Give i(-10).
-7
Suppose -3 = 2*d + 11. Suppose 6*i + 52 = 10. Let o(t) = -5*t - 12. Let w(q) = -9*q - 23. Let c(p) = i*o(p) + 4*w(p). Give c(d).
-1
Suppose 10*s = 6*s + 4, -65 = -6*y + s. Let w(b) = 5*b - 56. Give w(y).
-1
Let r(f) = -38 + 25*f - 8*f - 12*f + 15. Determine r(13).
42
Let h(m) = -159*m + 5410. Let b be h(34). Let f(n) = -7*n**2 + 5*n + 1. What is f(b)?
-91
Let x(f) = -8*f**2 - 2*f - 1. Let b = -4410 - -4409. What is x(b)?
-7
Let b(g) = 5*g**2 - 2 + g - g**2 + 3*g - 3*g**2 - 3*g**2. Determine b(4).
-18
Let u(z) = -2089*z**3 + z**2. Let y be u(-1). Let s(q) = 1 + 5*q + 2091*q**2 - y*q**2 + 4. What is s(-3)?
-1
Let a(w) be the third derivative of -w**6/120 - w**5/60 + w**4/12 + w**3/6 + 10*w**2. Let t = 76 + -70. Suppose t - 9 = x. Calculate a(x).
13
Let v = -14 - -16. Let q(d) = 2*d**v + 6*d - 4 - 2*d + 2. Let t = 342 - 346. Calculate q(t).
14
Let y = 92 + -82. Let l(x) = 15*x - 5*x - 2*x + 2*x - 8*x - 19. Calculate l(y).
1
Let p(k) = k**2 - 14*k - 55. Let z be 156/26*6/(-14)*-7. What is p(z)?
17
Suppose 40 = 6*o - 2*o. Suppose -o*z = -z. Let g(l) = 2*l**2 + l - 6. Let j(u) = u**2 + 1. Let w(p) = g(p) - 3*j(p). Determine w(z).
-9
Let n(h) = -88 + 280 + h - 89 - 86. Give n(-18).
-1
Let f(h) = 3*h - 50. Let o be f(18). Let v be -3 + 2 - 2 - 176/o. Let k = v - -52. Let t(d) = d**2 - 4*d + 7. What is t(k)?
12
Let n(d) be the third derivative of -d**6/120 - d**5/20 + d**4/6 - 76*d**2. Let h be ((-60)/(-8))/(3/6). Let k be -10*(2 + (-24)/h). Give n(k).
0
Let w(n) be the first derivative of -n**4/4 - 4*n**3/3 - n**2/2 + n + 2937. Let d = 1 - 4. What is w(d)?
-5
Let z = 400 - 398. Let b(c) = 670*c**3 + c - 671*c**3 + 9*c**z + 13 + 9*c. What is b(10)?
13
Let s(f) = -f**2 - 30*f + 3. Let o = 376 - 408. Calculate s(o).
-61
Let d be (((-18)/105)/(2/10))/((-10)/(-70)). Let y(v) = v**2 + 5*v + 5 + 1 + 0 - 2*v. Give y(d).
24
Suppose 4*f + 35*z = 34*z + 60, 2*z = 2*f - 40. Let g(p) be the second derivative of 0*p**2 + 0*p**4 + 0 - 1/2*p**5 + f*p + 0*p**3. Calculate g(-1).
10
Let n(k) = k**3 - 4*k**2 - 2*k + 2. Let l be n(0). Let s(d) = 2*d**2 + 2*d**3 - d + 1 + d**2 - d**l - 4*d**2. Give s(2).
7
Let c be (-5)/(-45) + (-88)/(-99). Let r(a) = -33*a + 40. What is r(c)?
7
Let g(o) = 2*o - 1. Let n(t) be the third derivative of 5*t**4/24 - 17*t**3/6 + 8*t**2. Let k be n(5). Suppose 2*f + 24 = 4*v + k, 5*v = -f + 6. Give g(v).
3
Suppose -51*s + 24*s = -25*s. Suppose 5 = h - i, 4*h + 3*i + s*i = 20. Let r(q) = -4*q - 2*q + 7*q - 6. What is r(h)?
-1
Let h(p) = -2*p**2 + 10*p. Suppose 0 = 8*i + 9*i - 102. Calculate h(i).
-12
Let d(c) be the third derivative of -1/60*c**5 + 47*c**2 - 1/3*c**4 - 2/3*c**3 + 0 + 0*c. What is d(-7)?
3
Let f(g) be the second derivative of -122 + 5/3*g**3 - 1/12*g**4 + g - g**2. Determine f(7).
19
Let c(o) = o**3 - o**2 - 2*o. Let a be (7 - 1)/(9/6). Suppose u - 11 = -a*z, -4*u + 9*u = 3*z - 14. Give c(z).
12
Let j(l) = -1 - 8*l**2 + 122*l + 8*l**2 - 130*l + l**2. Let q = -4 - -13. Determine j(q).
8
Let l(p) = 9*p + p**2 + 18481*p**3 - 18480*p**3 + 37 - p**2 - 11*p. Calculate l(0).
37
Let n(x) = -7 + 34682*x + 8 - 34795*x. Calculate n(-1).
114
Let u(q) = -4*q - 15. Suppose -3*o - 21 = -0*o. Let t be -5 - o - -1 - (10 - 1). Let i be u(t). Let a(r) = -r**2 + 8*r + 8. Give a(i).
-1
Let h(k) = -2362 + 0*k**2 - 6*k**2 + 2366 - k**3 - 2*k + k**2. Let f = -9 + 6. Give h(f).
-8
Let a(f) = -f**2 - 6*f - 1. Let p be a(-5). Suppose 6 = -4*v - q, -5*v + p*q = -4*v - 7. Let x(j) = 6*j**2 + 6 - 11*j**2 - 13*j**2 - 5. Calculate x(v).
-17
Let x be (2/5)/(1/5). Let z = -436 - -444. Suppose -2 = x*d + z. Let h(n) = 2*n - 7. What is h(d)?
-17
Let u(w) = -w**3 + 2*w**2 + 9*w - 5. Let f be (20/180)/((-2)/6)*15 - -9. What is u(f)?
-1
Let f be (-8552)/6